et w be g(2). What is s(w)?
5
Let t(u) = 3*u**2 + u + 1. Let r(c) = -4*c**2 - c - 2. Let j(g) = -2*r(g) - 3*t(g). Calculate j(1).
-1
Let v(x) = x**2 - 4*x - 1. Suppose -4 = 4*u, 5*b - u = -4*u + 77. Suppose 6*n + b = -m + n, -5*n = 5*m. What is v(m)?
-1
Let z(c) = 6*c - 3 + c**3 + 0 - 2*c**2 - c**2 - 5*c**2. What is z(7)?
-10
Let n be (-1)/(-3) - 1/3. Let v(a) = a**3 + a**2 - a - 3. What is v(n)?
-3
Let h(o) = o**2 - 8*o + 12. Let w be h(6). Let y(d) be the second derivative of w + 1/4*d**4 - 4*d + 1/2*d**2 + 1/6*d**3. Calculate y(-2).
11
Let x(v) = -9 + 6*v - 6 - 7*v + 7. Let g = -12 + 5. What is x(g)?
-1
Let v(n) be the third derivative of -n**6/120 - n**5/15 + 5*n**4/24 - 5*n**3/6 + 56*n**2. Calculate v(-5).
-5
Let a(z) = z**2 - 12*z + 12. Let s = -47 + 58. Give a(s).
1
Let g(t) = t**2 + 8*t - 10. Suppose w - 2*u = 0, -4*w + u + 2*u - 20 = 0. Give g(w).
-10
Suppose -2*z - 6 = 4. Let b(p) = 9 + 2*p - p + 0*p + 0*p. Calculate b(z).
4
Let x(m) = 3*m + 3. Suppose -6 = 5*d - 26. Calculate x(d).
15
Let d(k) = -k + 6. Let y be 0/1*4/(-8). Let g = y - -1. Suppose -3*i = -4*b + 3, 0*i = 4*b + i + g. Determine d(b).
6
Let o(k) = -7*k**2 - 4*k + 3. Let s(g) = 20*g**2 + 11*g - 9. Let l(v) = -17*o(v) - 6*s(v). Let r be 14/4 + 2/4. Calculate l(r).
-5
Let d(l) be the third derivative of l**6/120 - l**5/60 - l**4/12 + l**3/2 + 5*l**2. Give d(2).
3
Let w(n) = 11*n**2 - 4. Let q(h) = -2*h - 1. Let u be q(-2). Let p(j) = 22*j**2 - 9. Let r(s) = u*p(s) - 7*w(s). Give r(-1).
-10
Suppose 4*y + 16 = 4*g, -g + 3*g - 23 = -3*y. Suppose 4*o - g = 5. Let s(n) = 4*n + 5 - 5 - n**3 + n**2 - 4. What is s(o)?
-10
Suppose 0 = -0*d - 5*d + 15. Let w(g) = -4*g + 1 + d*g**2 + 0 + 0*g**2 - g**3 + g**2. Calculate w(3).
-2
Let i(p) = 21 + 66*p - 4 - 67*p. What is i(11)?
6
Let d(w) = -9*w**3 - 2*w - 1. Let o be 2*-3*3/18. Calculate d(o).
10
Let p(v) = -v**2 - v + 6. Let u = -1 - -4. Let b be (8/(-10))/((-2)/10). Suppose 4*x + 15 = -b*y + 9*y, 0 = 5*x - u*y + 9. Calculate p(x).
6
Let r = 44 + -40. Let i(w) = w - 2. What is i(r)?
2
Let o(q) = 31*q + 3. Let u(k) = -10*k - 1. Let v(w) = 2*o(w) + 7*u(w). Give v(-1).
7
Suppose -2*o + 0 = 3*f + 23, 2*o = 2*f + 2. Let s(v) be the third derivative of -v**6/120 - v**5/10 - v**4/6 - 2*v**3/3 + v**2. What is s(f)?
-9
Let l(n) be the third derivative of n**8/20160 - n**7/630 + n**6/240 - n**5/15 - n**2. Let q(r) be the third derivative of l(r). Give q(6).
-9
Let t(u) be the third derivative of -u**5/60 - 5*u**4/24 + 2*u**3/3 - 20*u**2. What is t(-6)?
-2
Let t(o) be the first derivative of -o**6/360 + o**5/60 - o**4/24 - 4*o**3/3 + 4. Let c(k) be the third derivative of t(k). Calculate c(-2).
-9
Let f(x) = 2*x - 2. Suppose 3*p + 5 = h - 7, 0 = -4*h - p + 9. Suppose -3*z = b - h*b, 2*b = 6. What is f(z)?
2
Let b(o) = 9*o**2 + 3*o - 27*o**2 + 6 + 5*o**2 + 12*o**2. Suppose 5*a + 2*w - 15 = 0, -w = -2*w - 5. Determine b(a).
-4
Let u(t) = -2 - 8*t + 7*t**2 + 6 - 6*t**2. Determine u(7).
-3
Let a = -21 + 41. Suppose 2*v + 3*v = a. Suppose v*c - 6 = -18. Let b(w) = -w + 2. Determine b(c).
5
Let d(v) = -2 - 5*v**2 + 5 - 2*v + 4*v**2 + 0*v**2. Let g(t) = -t**2 - 4*t + 7. Let a be g(-5). What is d(a)?
-5
Let q(t) = t**3 - 7*t**2 + 6*t - 1. Let p be q(6). Let y(u) be the first derivative of u + 0*u**2 - 6 - 2/3*u**3. Give y(p).
-1
Let t(w) = 2*w + 1. Let l be t(1). Let g(q) = -4*q - 4 - l + 5 + q**2 - 2. Suppose 0 = v + u - 3 - 0, -8 = -3*v - 4*u. Calculate g(v).
-4
Let n(w) = 2*w + 7. Let h(i) = 2*i + 6. Let q(s) = 5*h(s) - 4*n(s). Suppose -2*a - 2*a = 4*k - 28, -2*a + 2*k - 2 = 0. Calculate q(a).
8
Let w(a) = a**3 - 8*a**2 + 6*a + 7. Suppose -p - 4*h + 10 = -17, -5*p = -h - 30. Give w(p).
0
Let k(g) = 5 + 1 - 2*g - 10. What is k(4)?
-12
Suppose -2*w - 7 = -17. Let t(b) be the first derivative of -b**3/3 + 2*b**2 + 2*b - 2. Let s(u) be the first derivative of t(u). Determine s(w).
-6
Let x be ((-22)/55)/((-2)/30). Suppose -3*r + x = -0*v - 3*v, 3*v + 4 = 5*r. Let w(t) be the second derivative of t**5/20 + t**4/6 + t**3/6 + t. Give w(r).
0
Let n(k) = -k**3 + k**2 + k. Suppose -10 = c - 2*t, 3*t + 10 = c + 5*t. What is n(c)?
0
Let p(c) = 3*c + 3. Let l(d) = 3*d**2 - 5*d + 2. Let o be l(3). Let f = o + -17. Give p(f).
-6
Let o(l) = 95*l + l**2 - 3 - 103*l + 10. Calculate o(5).
-8
Let d(v) = 3*v**2 - 5*v + v**3 + 9 - 13 + 2*v**2. Determine d(-6).
-10
Let t = 11 + -16. Let s(x) = 2 - 8 + 0 - 4*x. Determine s(t).
14
Let t be (-4)/(-14) + 130/35. Suppose 3*w + 0*w + 9 = v, t*w = -3*v - 25. Let s(j) be the third derivative of j**5/60 + j**4/4 + j**3/2 + 2*j**2. What is s(v)?
-6
Suppose 0*n - 4*n = -3*w + 29, -4*w - n + 7 = 0. Let l(s) = s**2 - 2*s - 3. Give l(w).
0
Let o be ((-2)/(-4))/(1/(-2)). Let c(v) = v**3 - 7*v**2 - 7*v - 7. Let d be c(8). Let h(p) = -6*p**3 - 31*p + d + 17*p + 16*p. What is h(o)?
5
Let h(f) = -3*f - 1. Let u be h(2). Let t(y) = y**2 + 8*y + 4. Let n be t(u). Let c(j) be the second derivative of j**3/2 + 3*j**2/2 + 9*j. Give c(n).
-6
Suppose 5*o - 35 = -5*t, 5*t + 5 = o + 4*o. Let q(a) = -2*a**2 + 3*a - 2. What is q(t)?
-11
Let n(i) = 2*i - 3. Let y be n(3). Suppose 0 = -y*v - 12, u + 16 = 2*u - 5*v. Let z(j) = j**2 - 4*j**2 + 7*j**2 + j**3 + 4. Determine z(u).
4
Suppose 2*x - 4*x + 6 = 0. Let f(w) = w**3 - 3*w**2 + 2. Calculate f(x).
2
Let u = -34 - -28. Let m(j) = -j**2 - 7*j + 2. Give m(u).
8
Let c(k) = -k + 1. Let v(b) = 2*b**2 + 3*b**2 + 2*b**2 - b**3. Let f be v(7). Let d = f - -2. Give c(d).
-1
Let r(z) = -3*z**3 + 1 + 2*z + 4*z**3 + 0*z**2 + z**2. Let y be (-5)/((-1 - 3) + 3). Suppose 2*x = 3*x + 4*m + 13, -x - y*m = 16. Determine r(x).
-1
Let l = -5 + 0. Let w(j) be the second derivative of -j**5/20 - j**4/2 - 2*j**3/3 + 2*j**2 - j. Give w(l).
-1
Let g(o) = o**3 + 6*o**2 + 1. Let s be g(-6). Suppose 19 + s = -5*k. Let r(d) = 4*d + 4*d - 4*d - 1 + d**2. Calculate r(k).
-1
Let j be 1/(-5) + (-84)/(-20). Let y(c) = -2*c + c - j - 7*c + 3. Give y(1).
-9
Let j(v) = -v**3 + 3*v**2 + 2*v. Suppose -5*f = -3*f. Suppose -5*p = -2*b + 1, 9 = 3*p - f*p. Suppose -b*w + 15 = -3*w. Calculate j(w).
6
Let l(g) be the second derivative of -g**8/6720 - g**7/360 - g**6/180 + 7*g**5/120 + g**4/6 - 2*g. Let u(r) be the third derivative of l(r). Determine u(-6).
-5
Let k(y) = y + 3. Let h be (-6)/16 + (273/24 - 4). Suppose -2*m + a + 72 = -3*a, 6 = -2*a. Suppose -m = 2*j + 5*z, -2*j + 3*z + h = -j. What is k(j)?
-2
Suppose 2*o + 6 - 14 = 0. Let i(r) = r - 3. Let a be i(o). Let h(g) = 5*g - g**2 + a + 3 + 1. Give h(5).
5
Let x(n) be the first derivative of -5*n**2/2 + 3*n + 1. Suppose 0 = 4*l + 4*y - 2*y - 2, 0 = 4*l + 5*y + 13. What is x(l)?
-12
Let w(s) be the third derivative of -s**5/30 + s**3/6 + s**2. Let i(z) = z**2 - 28*z - 31. Let x be i(29). What is w(x)?
-7
Let g = -88 + 83. Let q(d) = d**2 + 5*d - 2. What is q(g)?
-2
Let h(s) be the first derivative of -2*s**4 - s**2/2 - s + 1. Suppose 0 = x + a - 0 - 2, -4*a = -12. Calculate h(x).
8
Let q(x) = -x + 4. Suppose -30 = 2*c - 3*c. Suppose -2*b - 2*o - 4 = -6*o, 0 = 5*o - 20. Suppose -b*l = -l - c. Calculate q(l).
-2
Let g(q) = q + 1. Let z be g(0). Let x(h) = h - 9. Let w be x(11). Let r(a) = 3*a - w*a - 1 - 4*a - 8*a**2 + 4*a. Give r(z).
-8
Let y = 2 + 1. Let a be (-6)/3*y + 1. Let u be (-52)/(-20) + (-2)/a. Let c(i) = i. What is c(u)?
3
Let y(z) be the third derivative of z**8/6720 + z**7/5040 + z**6/720 - z**5/60 - z**2. Let m(b) be the third derivative of y(b). Determine m(-1).
3
Let f(a) = a - 4. Let i be f(7). Let d(n) = -5*n - n + 1 + i*n. Determine d(3).
-8
Let z(x) = x - 5. Let l be 5/2*16/10. Let i be 3/(-2 + -1) + l. Calculate z(i).
-2
Suppose 5*l + 30 = -l. Let u(a) = a**2 + 6*a. What is u(l)?
-5
Let i(z) = -5*z + 3. Let t(l) = -l + 1. Let b(w) = 2*i(w) - 6*t(w). Give b(-2).
8
Suppose c - 3 + 1 = 0. Let r(o) = o**2 - 6*o + 3. What is r(c)?
-5
Suppose 0 = -2*r - 2, 0*r - r + 27 = 4*q. Let m be 3 - q - (1 - 0). Let s(v) = 2*v - 4. Calculate s(m).
-14
Let d = 33 + -33. Let v(a) = -a + 5. Let g(t) = 2*t - 10. Let y be ((-14)/3)/((-6)/9). Let b(k) = y*v(k) + 4*g(k). Calculate b(d).
-5
Suppose 9 = 11*g - 8*g. Suppose 0 = 3*b + u - 4, 3*u = 2*b + g*b - 30. Let w(c) = 3*c - 4. Calculate w(b).
5
Let c be 1 - (0/(-2) - -2). Let w = c - -3. Let r(n) = 3*n + 1 - w*n + 4*n. What is r(-1)?
-4